{"id":450,"date":"2026-03-27T10:47:57","date_gmt":"2026-03-27T08:47:57","guid":{"rendered":"https:\/\/cpr.edu.lb\/?page_id=450"},"modified":"2026-04-20T07:09:50","modified_gmt":"2026-04-20T05:09:50","slug":"service-medical","status":"publish","type":"page","link":"https:\/\/cpr.edu.lb\/index.php\/service-medical\/","title":{"rendered":"SERVICE DE SANT\u00c9"},"content":{"rendered":"\n<p>Le service m\u00e9dical du CPR a pour mission d\u2019assurer la sant\u00e9, la s\u00e9curit\u00e9 et le bien-\u00eatre des apprenants tout au long de l\u2019ann\u00e9e scolaire. L\u2019infirmi\u00e8re effectue une tourn\u00e9e quotidienne afin de s\u2019assurer du bon \u00e9tat de sant\u00e9 des apprenants en leur assurant un soutien physique et \u00e9motionnel.<\/p>\n\n\n\n<p><strong>&nbsp; Objectifs du service m\u00e9dical&nbsp;:<\/strong><\/p>\n\n\n\n<p><strong>&nbsp;&nbsp;&nbsp;&nbsp;&nbsp; &#8211; <\/strong>Suivi m\u00e9dical continu et prise en charge des urgences.<\/p>\n\n\n\n<p>&nbsp;&nbsp;&nbsp;&nbsp;&nbsp; &#8211; Suivi des pathologies chroniques et administration des traitements prescrits.<\/p>\n\n\n\n<p>&nbsp;&nbsp;&nbsp;&nbsp;&nbsp; &#8211; Organisation annuelle des visites m\u00e9dicales incluant le contr\u00f4le de la vue et l\u2019examen dentaire pour d\u00e9tecter et pr\u00e9venir tout trouble de sant\u00e9.<\/p>\n\n\n\n<p>&#8211; Pr\u00e9vention des maladies contagieuses.<\/p>\n\n\n\n<p>&#8211; Education \u00e0 la sant\u00e9 et aux bonnes habitudes de vie saine et \u00e9quilibr\u00e9e.<\/p>\n\n\n\n<p>&#8211; Collaboration avec les parents et l\u2019\u00e9quipe p\u00e9dagogique afin d\u2019assurer un environnement scolaire sain et s\u00e9curis\u00e9.<\/p>\n\n\n\n<p>Nous nous tenons \u00e0 votre enti\u00e8re disposition si vous souhaitez un compl\u00e9ment d\u2019informations \u00e0 l\u2019adresse suivante&nbsp;:<\/p>\n\n\n\n<p>&nbsp;&nbsp; <strong><em>Nathalie Mamalian<\/em><\/strong><em>&nbsp;:&nbsp; Nathalie.mamalian@cpr.edu.lb<\/em><\/p>\n\n\n\n<figure class=\"wp-block-gallery has-nested-images columns-default is-cropped wp-block-gallery-1 is-layout-flex wp-block-gallery-is-layout-flex\"><\/figure>\n\n\n<div class=\"wp-block-image\">\n<figure class=\"alignleft size-large is-resized\"><img loading=\"lazy\" decoding=\"async\" width=\"1024\" height=\"931\" src=\"https:\/\/cpr.edu.lb\/wp-content\/uploads\/2026\/04\/02-1024x931.jpg\" alt=\"\" class=\"wp-image-531\" style=\"width:459px;height:auto\" srcset=\"https:\/\/cpr.edu.lb\/wp-content\/uploads\/2026\/04\/02-1024x931.jpg 1024w, https:\/\/cpr.edu.lb\/wp-content\/uploads\/2026\/04\/02-300x273.jpg 300w, https:\/\/cpr.edu.lb\/wp-content\/uploads\/2026\/04\/02-768x698.jpg 768w, https:\/\/cpr.edu.lb\/wp-content\/uploads\/2026\/04\/02.jpg 1188w\" sizes=\"auto, (max-width: 1024px) 100vw, 1024px\" \/><\/figure><\/div>\n\n<div class=\"wp-block-image\">\n<figure class=\"aligncenter size-large is-resized\"><img loading=\"lazy\" decoding=\"async\" width=\"1024\" height=\"768\" src=\"https:\/\/cpr.edu.lb\/wp-content\/uploads\/2026\/04\/03-1024x768.jpg\" alt=\"\" class=\"wp-image-532\" style=\"width:462px;height:auto\" srcset=\"https:\/\/cpr.edu.lb\/wp-content\/uploads\/2026\/04\/03-1024x768.jpg 1024w, https:\/\/cpr.edu.lb\/wp-content\/uploads\/2026\/04\/03-300x225.jpg 300w, https:\/\/cpr.edu.lb\/wp-content\/uploads\/2026\/04\/03-768x576.jpg 768w, https:\/\/cpr.edu.lb\/wp-content\/uploads\/2026\/04\/03.jpg 1440w\" sizes=\"auto, (max-width: 1024px) 100vw, 1024px\" \/><\/figure><\/div>","protected":false},"excerpt":{"rendered":"<p>Le service m\u00e9dical du CPR a pour mission d\u2019assurer la sant\u00e9, la s\u00e9curit\u00e9 et le bien-\u00eatre des apprenants tout au long de l\u2019ann\u00e9e scolaire. L\u2019infirmi\u00e8re effectue une tourn\u00e9e quotidienne afin de s\u2019assurer du bon \u00e9tat de sant\u00e9 des apprenants en leur assurant un soutien physique et \u00e9motionnel. &nbsp; Objectifs du service m\u00e9dical&nbsp;: &nbsp;&nbsp;&nbsp;&nbsp;&nbsp; &#8211; Suivi [&hellip;]<\/p>\n","protected":false},"author":1,"featured_media":0,"parent":0,"menu_order":0,"comment_status":"closed","ping_status":"closed","template":"","meta":{"footnotes":""},"class_list":["post-450","page","type-page","status-publish","hentry"],"_links":{"self":[{"href":"https:\/\/cpr.edu.lb\/index.php\/wp-json\/wp\/v2\/pages\/450","targetHints":{"allow":["GET"]}}],"collection":[{"href":"https:\/\/cpr.edu.lb\/index.php\/wp-json\/wp\/v2\/pages"}],"about":[{"href":"https:\/\/cpr.edu.lb\/index.php\/wp-json\/wp\/v2\/types\/page"}],"author":[{"embeddable":true,"href":"https:\/\/cpr.edu.lb\/index.php\/wp-json\/wp\/v2\/users\/1"}],"replies":[{"embeddable":true,"href":"https:\/\/cpr.edu.lb\/index.php\/wp-json\/wp\/v2\/comments?post=450"}],"version-history":[{"count":8,"href":"https:\/\/cpr.edu.lb\/index.php\/wp-json\/wp\/v2\/pages\/450\/revisions"}],"predecessor-version":[{"id":597,"href":"https:\/\/cpr.edu.lb\/index.php\/wp-json\/wp\/v2\/pages\/450\/revisions\/597"}],"wp:attachment":[{"href":"https:\/\/cpr.edu.lb\/index.php\/wp-json\/wp\/v2\/media?parent=450"}],"curies":[{"name":"wp","href":"https:\/\/api.w.org\/{rel}","templated":true}]}}