{"id":195,"date":"2024-11-25T07:46:34","date_gmt":"2024-11-25T07:46:34","guid":{"rendered":"https:\/\/cpr.edu.lb\/?page_id=195"},"modified":"2026-04-21T08:00:24","modified_gmt":"2026-04-21T06:00:24","slug":"cycle-complementaire-et-secondaire","status":"publish","type":"page","link":"https:\/\/cpr.edu.lb\/index.php\/cycle-complementaire-et-secondaire\/","title":{"rendered":"CYCLE COMPL\u00c9MENTAIRE ET SECONDAIRE"},"content":{"rendered":"\n<figure class=\"wp-block-gallery alignleft has-nested-images columns-default is-cropped wp-block-gallery-1 is-layout-flex wp-block-gallery-is-layout-flex\">\n<figure class=\"wp-block-image size-large\"><img loading=\"lazy\" decoding=\"async\" width=\"1024\" height=\"682\" data-id=\"615\" src=\"https:\/\/cpr.edu.lb\/wp-content\/uploads\/2026\/04\/e7d23ecd-6f54-49af-b1fb-f25a54a149d1-1024x682.jpg\" alt=\"\" class=\"wp-image-615\" srcset=\"https:\/\/cpr.edu.lb\/wp-content\/uploads\/2026\/04\/e7d23ecd-6f54-49af-b1fb-f25a54a149d1-1024x682.jpg 1024w, https:\/\/cpr.edu.lb\/wp-content\/uploads\/2026\/04\/e7d23ecd-6f54-49af-b1fb-f25a54a149d1-300x200.jpg 300w, https:\/\/cpr.edu.lb\/wp-content\/uploads\/2026\/04\/e7d23ecd-6f54-49af-b1fb-f25a54a149d1-768x512.jpg 768w, https:\/\/cpr.edu.lb\/wp-content\/uploads\/2026\/04\/e7d23ecd-6f54-49af-b1fb-f25a54a149d1.jpg 1280w\" sizes=\"auto, (max-width: 1024px) 100vw, 1024px\" \/><\/figure>\n<\/figure>\n\n\n\n<p class=\"has-text-align-center\"><strong>L\u2019engagement p\u00e9dagogique au c\u0153ur de notre mission<\/strong><\/p>\n\n\n\n<p class=\"has-text-align-left\">En tant que pr\u00e9f\u00e8te des cycles compl\u00e9mentaire et secondaire, je consid\u00e8re que notre mission d\u00e9passe largement le simple cadre de l\u2019enseignement. Transmettre des connaissances est essentiel, mais \u00e9duquer les jeunes signifie aussi les accompagner dans la construction de leur personnalit\u00e9, de leurs valeurs et de leur sens des responsabilit\u00e9s. Notre approche p\u00e9dagogique repose sur le respect, la discipline int\u00e9rieure, l\u2019esprit critique et le go\u00fbt de l\u2019effort, afin de former non seulement des apprenants comp\u00e9tents, mais surtout des personnes \u00e9quilibr\u00e9es et conscientes de leur r\u00f4le dans la soci\u00e9t\u00e9. Ainsi, l\u2019\u00e9cole devient un lieu o\u00f9 l\u2019on apprend, certes, mais aussi o\u00f9 l\u2019on grandit.<\/p>\n\n\n\n<p><\/p>\n","protected":false},"excerpt":{"rendered":"<p>L\u2019engagement p\u00e9dagogique au c\u0153ur de notre mission En tant que pr\u00e9f\u00e8te des cycles compl\u00e9mentaire et secondaire, je consid\u00e8re que notre mission d\u00e9passe largement le simple cadre de l\u2019enseignement. Transmettre des connaissances est essentiel, mais \u00e9duquer les jeunes signifie aussi les accompagner dans la construction de leur personnalit\u00e9, de leurs valeurs et de leur sens des [&hellip;]<\/p>\n","protected":false},"author":1,"featured_media":0,"parent":0,"menu_order":0,"comment_status":"closed","ping_status":"closed","template":"","meta":{"footnotes":""},"class_list":["post-195","page","type-page","status-publish","hentry"],"_links":{"self":[{"href":"https:\/\/cpr.edu.lb\/index.php\/wp-json\/wp\/v2\/pages\/195","targetHints":{"allow":["GET"]}}],"collection":[{"href":"https:\/\/cpr.edu.lb\/index.php\/wp-json\/wp\/v2\/pages"}],"about":[{"href":"https:\/\/cpr.edu.lb\/index.php\/wp-json\/wp\/v2\/types\/page"}],"author":[{"embeddable":true,"href":"https:\/\/cpr.edu.lb\/index.php\/wp-json\/wp\/v2\/users\/1"}],"replies":[{"embeddable":true,"href":"https:\/\/cpr.edu.lb\/index.php\/wp-json\/wp\/v2\/comments?post=195"}],"version-history":[{"count":5,"href":"https:\/\/cpr.edu.lb\/index.php\/wp-json\/wp\/v2\/pages\/195\/revisions"}],"predecessor-version":[{"id":617,"href":"https:\/\/cpr.edu.lb\/index.php\/wp-json\/wp\/v2\/pages\/195\/revisions\/617"}],"wp:attachment":[{"href":"https:\/\/cpr.edu.lb\/index.php\/wp-json\/wp\/v2\/media?parent=195"}],"curies":[{"name":"wp","href":"https:\/\/api.w.org\/{rel}","templated":true}]}}