{"id":191,"date":"2024-11-25T07:46:17","date_gmt":"2024-11-25T07:46:17","guid":{"rendered":"https:\/\/cpr.edu.lb\/?page_id=191"},"modified":"2026-04-21T08:01:47","modified_gmt":"2026-04-21T06:01:47","slug":"cycle-maternel-et-primaire","status":"publish","type":"page","link":"https:\/\/cpr.edu.lb\/index.php\/cycle-maternel-et-primaire\/","title":{"rendered":"CYCLE MATERNEL ET PRIMAIRE"},"content":{"rendered":"\n<figure class=\"wp-block-gallery alignleft has-nested-images columns-default is-cropped wp-block-gallery-1 is-layout-flex wp-block-gallery-is-layout-flex\">\n<figure class=\"wp-block-image size-large\"><img loading=\"lazy\" decoding=\"async\" width=\"1024\" height=\"682\" data-id=\"618\" src=\"https:\/\/cpr.edu.lb\/wp-content\/uploads\/2026\/04\/8c9b66e1-0492-455b-ad3e-fcfd7ee69585-1024x682.jpg\" alt=\"\" class=\"wp-image-618\" srcset=\"https:\/\/cpr.edu.lb\/wp-content\/uploads\/2026\/04\/8c9b66e1-0492-455b-ad3e-fcfd7ee69585-1024x682.jpg 1024w, https:\/\/cpr.edu.lb\/wp-content\/uploads\/2026\/04\/8c9b66e1-0492-455b-ad3e-fcfd7ee69585-300x200.jpg 300w, https:\/\/cpr.edu.lb\/wp-content\/uploads\/2026\/04\/8c9b66e1-0492-455b-ad3e-fcfd7ee69585-768x512.jpg 768w, https:\/\/cpr.edu.lb\/wp-content\/uploads\/2026\/04\/8c9b66e1-0492-455b-ad3e-fcfd7ee69585.jpg 1280w\" sizes=\"auto, (max-width: 1024px) 100vw, 1024px\" \/><\/figure>\n<\/figure>\n\n\n\n<p>En tant que responsable des cycles pr\u00e9scolaire et primaire, j\u2019assume avec engagement la mission de garantir un cadre \u00e9ducatif structur\u00e9, s\u00e9curisant et profond\u00e9ment bienveillant, assurant une continuit\u00e9 p\u00e9dagogique rigoureuse et coh\u00e9rente. Je veille \u00e0 l\u2019accompagnement constant des enseignants, au suivi attentif des parcours acad\u00e9miques et comportementaux des apprenants et \u00e0 la qualit\u00e9 globale des pratiques \u00e9ducatives.<\/p>\n\n\n\n<p>Notre action repose sur une vision int\u00e9grale du d\u00e9veloppement de l\u2019enfant, o\u00f9 les apprentissages fondamentaux \u2014 lecture, \u00e9criture et math\u00e9matiques \u2014 s\u2019articulent harmonieusement avec le d\u00e9veloppement du langage, de l\u2019autonomie, de l\u2019organisation du travail, de la motricit\u00e9, ainsi que des comp\u00e9tences sociales et \u00e9motionnelles ; ce qui va mener in\u00e9luctablement \u00e0 l\u2019\u00e9panouissement de sa personnalit\u00e9.<\/p>\n\n\n\n<p>Nous pla\u00e7ons au c\u0153ur de notre d\u00e9marche la valorisation de l\u2019effort, de la pers\u00e9v\u00e9rance et des progr\u00e8s individuels, privil\u00e9giant une culture de croissance plut\u00f4t qu\u2019une logique de simple performance. Nous cultivons la confiance en soi, le respect mutuel, la coop\u00e9ration et le sens des responsabilit\u00e9s comme fondements essentiels de la r\u00e9ussite.<\/p>\n\n\n\n<p>Dans un contexte marqu\u00e9 par des d\u00e9fis et des transformations rapides, nous accordons une attention prioritaire \u00e0 la stabilit\u00e9 \u00e9motionnelle des apprenants, \u00e0 l\u2019instauration de routines rassurantes et \u00e0 une communication constructive et transparente avec les familles. Le renforcement solide des bases acad\u00e9miques demeure un axe strat\u00e9gique majeur de notre engagement.<\/p>\n\n\n\n<p>Par ailleurs, nous \u0153uvrons activement au d\u00e9veloppement de l\u2019esprit critique, de l\u2019autonomie intellectuelle et du travail collaboratif, en consolidant une synergie efficace entre le corps administratif, le corps enseignant, l\u2019\u00e9quipe pluridisciplinaire et les parents. Cette dynamique partenariale garantit un accompagnement global, coh\u00e9rent et exigeant, au service de la r\u00e9ussite durable et de l\u2019\u00e9panouissement de chaque enfant.<\/p>\n\n\n\n<figure class=\"wp-block-image size-large\"><img loading=\"lazy\" decoding=\"async\" width=\"1024\" height=\"768\" src=\"https:\/\/cpr.edu.lb\/wp-content\/uploads\/2026\/04\/30-1024x768.jpg\" alt=\"\" class=\"wp-image-592\" srcset=\"https:\/\/cpr.edu.lb\/wp-content\/uploads\/2026\/04\/30-1024x768.jpg 1024w, https:\/\/cpr.edu.lb\/wp-content\/uploads\/2026\/04\/30-300x225.jpg 300w, https:\/\/cpr.edu.lb\/wp-content\/uploads\/2026\/04\/30-768x576.jpg 768w, https:\/\/cpr.edu.lb\/wp-content\/uploads\/2026\/04\/30.jpg 1280w\" sizes=\"auto, (max-width: 1024px) 100vw, 1024px\" \/><\/figure>\n","protected":false},"excerpt":{"rendered":"<p>En tant que responsable des cycles pr\u00e9scolaire et primaire, j\u2019assume avec engagement la mission de garantir un cadre \u00e9ducatif structur\u00e9, s\u00e9curisant et profond\u00e9ment bienveillant, assurant une continuit\u00e9 p\u00e9dagogique rigoureuse et coh\u00e9rente. Je veille \u00e0 l\u2019accompagnement constant des enseignants, au suivi attentif des parcours acad\u00e9miques et comportementaux des apprenants et \u00e0 la qualit\u00e9 globale des pratiques [&hellip;]<\/p>\n","protected":false},"author":1,"featured_media":0,"parent":0,"menu_order":0,"comment_status":"closed","ping_status":"closed","template":"","meta":{"footnotes":""},"class_list":["post-191","page","type-page","status-publish","hentry"],"_links":{"self":[{"href":"https:\/\/cpr.edu.lb\/index.php\/wp-json\/wp\/v2\/pages\/191","targetHints":{"allow":["GET"]}}],"collection":[{"href":"https:\/\/cpr.edu.lb\/index.php\/wp-json\/wp\/v2\/pages"}],"about":[{"href":"https:\/\/cpr.edu.lb\/index.php\/wp-json\/wp\/v2\/types\/page"}],"author":[{"embeddable":true,"href":"https:\/\/cpr.edu.lb\/index.php\/wp-json\/wp\/v2\/users\/1"}],"replies":[{"embeddable":true,"href":"https:\/\/cpr.edu.lb\/index.php\/wp-json\/wp\/v2\/comments?post=191"}],"version-history":[{"count":5,"href":"https:\/\/cpr.edu.lb\/index.php\/wp-json\/wp\/v2\/pages\/191\/revisions"}],"predecessor-version":[{"id":619,"href":"https:\/\/cpr.edu.lb\/index.php\/wp-json\/wp\/v2\/pages\/191\/revisions\/619"}],"wp:attachment":[{"href":"https:\/\/cpr.edu.lb\/index.php\/wp-json\/wp\/v2\/media?parent=191"}],"curies":[{"name":"wp","href":"https:\/\/api.w.org\/{rel}","templated":true}]}}