{"id":177,"date":"2024-11-25T07:45:08","date_gmt":"2024-11-25T07:45:08","guid":{"rendered":"https:\/\/cpr.edu.lb\/?page_id=177"},"modified":"2026-04-22T07:26:12","modified_gmt":"2026-04-22T05:26:12","slug":"labellisation","status":"publish","type":"page","link":"https:\/\/cpr.edu.lb\/index.php\/labellisation\/","title":{"rendered":"HISTOIRE"},"content":{"rendered":"\n<p>Le <strong>Coll\u00e8ge Patriarcal de Raboueh (CPR)<\/strong>, implant\u00e9 sur une superficie de 30 466 m\u00b2, a ouvert ses portes \u00e0 sa premi\u00e8re g\u00e9n\u00e9ration d\u2019apprenants durant l\u2019ann\u00e9e scolaire 2006-2007. Situ\u00e9 dans un environnement naturel privil\u00e9gi\u00e9, entour\u00e9 d\u2019espaces verdoyants et \u00e9loign\u00e9 de la pollution urbaine, le Coll\u00e8ge offre un cadre propice \u00e0 l\u2019\u00e9panouissement intellectuel, humain et spirituel des jeunes.<\/p>\n\n\n\n<p>Soucieux d\u2019assurer un enseignement de qualit\u00e9 conforme aux standards p\u00e9dagogiques contemporains, l\u2019\u00e9tablissement a dot\u00e9 ses infrastructures d\u2019\u00e9quipements modernes permettant \u00e0 chaque apprenant de b\u00e9n\u00e9ficier d\u2019un environnement d\u2019apprentissage optimal. Le Coll\u00e8ge dispose notamment:<\/p>\n\n\n\n<ul class=\"wp-block-list\">\n<li>d\u2019un auditorium d\u00e9di\u00e9 aux activit\u00e9s culturelles, artistiques et spirituelles ;<\/li>\n\n\n\n<li>d\u2019un terrain de football et d\u2019espaces sportifs favorisant le d\u00e9veloppement physique ;<\/li>\n\n\n\n<li>d\u2019un laboratoire scientifique bien \u00e9quip\u00e9;<\/li>\n\n\n\n<li>d\u2019une &nbsp;salle d\u2019informatique et d\u2019un laboratoire STEAM<\/li>\n\n\n\n<li>d\u2019une Biblioth\u00e8que Centre Documentaire (BCD) pour le primaire ;<\/li>\n\n\n\n<li>d\u2019un Centre de Documentation et d\u2019Information (CDI) pour le compl\u00e9mentaire et le secondaire ;<\/li>\n\n\n\n<li>des Tableaux Blancs Interactifs (TBI) dans les classes.<\/li>\n<\/ul>\n\n\n\n<p>Face \u00e0 l\u2019augmentation constante des inscriptions, notamment en Petite Section, l\u2019\u00e9tablissement a progressivement \u00e9largi ses structures. L\u2019ann\u00e9e 2013-2014 a vu la construction du <strong>Bloc B<\/strong>, destin\u00e9 aux classes du cycle primaire sup\u00e9rieur, du compl\u00e9mentaire et du secondaire. En 2018-2019, l\u2019ouverture de la classe de Terminale dans ses trois fili\u00e8res est venue parachever le parcours scolaire propos\u00e9 par le CPR.<\/p>\n\n\n\n<p>Fond\u00e9 sur des valeurs religieuses, morales et p\u00e9dagogiques, le Coll\u00e8ge accueille des apprenants de toutes appartenances sociales et confessionnelles, dans un esprit de mixit\u00e9, de respect et d\u2019ouverture. Fid\u00e8le \u00e0 sa mission \u00e9ducative, le CPR privil\u00e9gie un effectif r\u00e9duit par classe afin de garantir un accompagnement personnalis\u00e9, respectueux des rythmes et des besoins de chacun. Cette organisation permet un suivi attentif, une p\u00e9dagogie diff\u00e9renci\u00e9e et un encadrement favorisant le plein d\u00e9veloppement des potentialit\u00e9s de chaque apprenant.<\/p>\n\n\n<div class=\"wp-block-image\">\n<figure class=\"alignleft size-large is-resized\"><img loading=\"lazy\" decoding=\"async\" width=\"1024\" height=\"768\" src=\"https:\/\/cpr.edu.lb\/wp-content\/uploads\/2026\/04\/01-1-1024x768.jpg\" alt=\"\" class=\"wp-image-551\" style=\"width:640px;height:auto\" srcset=\"https:\/\/cpr.edu.lb\/wp-content\/uploads\/2026\/04\/01-1-1024x768.jpg 1024w, https:\/\/cpr.edu.lb\/wp-content\/uploads\/2026\/04\/01-1-300x225.jpg 300w, https:\/\/cpr.edu.lb\/wp-content\/uploads\/2026\/04\/01-1-768x576.jpg 768w, https:\/\/cpr.edu.lb\/wp-content\/uploads\/2026\/04\/01-1.jpg 1440w\" sizes=\"auto, (max-width: 1024px) 100vw, 1024px\" \/><\/figure><\/div>\n\n<div class=\"wp-block-image\">\n<figure class=\"aligncenter size-large is-resized\"><img loading=\"lazy\" decoding=\"async\" width=\"1024\" height=\"768\" src=\"https:\/\/cpr.edu.lb\/wp-content\/uploads\/2026\/04\/c9ab5a07-69a4-4400-ba4d-e8f8d093f228-1-1024x768.jpg\" alt=\"\" class=\"wp-image-623\" style=\"width:646px;height:auto\" srcset=\"https:\/\/cpr.edu.lb\/wp-content\/uploads\/2026\/04\/c9ab5a07-69a4-4400-ba4d-e8f8d093f228-1-1024x768.jpg 1024w, https:\/\/cpr.edu.lb\/wp-content\/uploads\/2026\/04\/c9ab5a07-69a4-4400-ba4d-e8f8d093f228-1-300x225.jpg 300w, https:\/\/cpr.edu.lb\/wp-content\/uploads\/2026\/04\/c9ab5a07-69a4-4400-ba4d-e8f8d093f228-1-768x576.jpg 768w, https:\/\/cpr.edu.lb\/wp-content\/uploads\/2026\/04\/c9ab5a07-69a4-4400-ba4d-e8f8d093f228-1.jpg 1440w\" sizes=\"auto, (max-width: 1024px) 100vw, 1024px\" \/><\/figure><\/div>\n\n<div class=\"wp-block-image\">\n<figure class=\"alignleft size-full is-resized\"><img loading=\"lazy\" decoding=\"async\" width=\"810\" height=\"746\" src=\"https:\/\/cpr.edu.lb\/wp-content\/uploads\/2026\/04\/08-5.jpg\" alt=\"\" class=\"wp-image-627\" style=\"width:687px;height:auto\" srcset=\"https:\/\/cpr.edu.lb\/wp-content\/uploads\/2026\/04\/08-5.jpg 810w, https:\/\/cpr.edu.lb\/wp-content\/uploads\/2026\/04\/08-5-300x276.jpg 300w, https:\/\/cpr.edu.lb\/wp-content\/uploads\/2026\/04\/08-5-768x707.jpg 768w\" sizes=\"auto, (max-width: 810px) 100vw, 810px\" \/><\/figure><\/div>\n\n<div class=\"wp-block-image\">\n<figure class=\"alignright size-large is-resized\"><img loading=\"lazy\" decoding=\"async\" width=\"1024\" height=\"768\" src=\"https:\/\/cpr.edu.lb\/wp-content\/uploads\/2026\/04\/17-1024x768.jpg\" alt=\"\" class=\"wp-image-631\" style=\"width:672px;height:auto\" srcset=\"https:\/\/cpr.edu.lb\/wp-content\/uploads\/2026\/04\/17-1024x768.jpg 1024w, https:\/\/cpr.edu.lb\/wp-content\/uploads\/2026\/04\/17-300x225.jpg 300w, https:\/\/cpr.edu.lb\/wp-content\/uploads\/2026\/04\/17-768x576.jpg 768w, https:\/\/cpr.edu.lb\/wp-content\/uploads\/2026\/04\/17.jpg 1440w\" sizes=\"auto, (max-width: 1024px) 100vw, 1024px\" \/><\/figure><\/div>\n\n\n<p><\/p>\n","protected":false},"excerpt":{"rendered":"<p>Le Coll\u00e8ge Patriarcal de Raboueh (CPR), implant\u00e9 sur une superficie de 30 466 m\u00b2, a ouvert ses portes \u00e0 sa premi\u00e8re g\u00e9n\u00e9ration d\u2019apprenants durant l\u2019ann\u00e9e scolaire 2006-2007. Situ\u00e9 dans un environnement naturel privil\u00e9gi\u00e9, entour\u00e9 d\u2019espaces verdoyants et \u00e9loign\u00e9 de la pollution urbaine, le Coll\u00e8ge offre un cadre propice \u00e0 l\u2019\u00e9panouissement intellectuel, humain et spirituel des [&hellip;]<\/p>\n","protected":false},"author":1,"featured_media":0,"parent":0,"menu_order":0,"comment_status":"closed","ping_status":"closed","template":"","meta":{"footnotes":""},"class_list":["post-177","page","type-page","status-publish","hentry"],"_links":{"self":[{"href":"https:\/\/cpr.edu.lb\/index.php\/wp-json\/wp\/v2\/pages\/177","targetHints":{"allow":["GET"]}}],"collection":[{"href":"https:\/\/cpr.edu.lb\/index.php\/wp-json\/wp\/v2\/pages"}],"about":[{"href":"https:\/\/cpr.edu.lb\/index.php\/wp-json\/wp\/v2\/types\/page"}],"author":[{"embeddable":true,"href":"https:\/\/cpr.edu.lb\/index.php\/wp-json\/wp\/v2\/users\/1"}],"replies":[{"embeddable":true,"href":"https:\/\/cpr.edu.lb\/index.php\/wp-json\/wp\/v2\/comments?post=177"}],"version-history":[{"count":12,"href":"https:\/\/cpr.edu.lb\/index.php\/wp-json\/wp\/v2\/pages\/177\/revisions"}],"predecessor-version":[{"id":633,"href":"https:\/\/cpr.edu.lb\/index.php\/wp-json\/wp\/v2\/pages\/177\/revisions\/633"}],"wp:attachment":[{"href":"https:\/\/cpr.edu.lb\/index.php\/wp-json\/wp\/v2\/media?parent=177"}],"curies":[{"name":"wp","href":"https:\/\/api.w.org\/{rel}","templated":true}]}}